6 = 3*x, 5*x - z = -k - 18. Calculate the greatest common divisor of 7 and k.
7
Let n(v) = -v**3 - 5*v**2 + 4. Let f be n(-5). What is the highest common divisor of f and 6?
2
Let r be 4/26 - (-35784)/117. What is the greatest common divisor of r and 34?
34
Suppose -2*p + 3*p = 13. Let o = 16 - p. What is the highest common divisor of o and 1?
1
Let f = 43 + -28. What is the highest common factor of 5 and f?
5
Suppose 4*r = -3*l - 2*l + 155, -3*r - 5*l = -110. What is the highest common divisor of 30 and r?
15
Let r = -5 - -5. Let i be (-5)/(3/(-9) + r). Let b be -2 - (1 - 8) - 2. Calculate the greatest common factor of i and b.
3
Suppose i + 0*t = -4*t + 28, 2*i + t = 35. Suppose 0 = -y + 5*y + 40. Let d = y + i. What is the greatest common factor of 24 and d?
6
Suppose 4 = 3*u - 11. Let g = 5 - u. Suppose 8 = 3*a + 5*s, g*a - 5*s + 30 = 5*a. What is the greatest common divisor of 11 and a?
11
Suppose -3*m = -5*m + 8. Let x(t) = -t**2 + 8*t - 2. Let g be x(m). What is the greatest common factor of g and 154?
14
Let v(z) = -z**3 - 4*z**2 + 5. Suppose -2*h + 6*h = -x - 12, -5*h = 5*x + 30. Let o be v(x). What is the greatest common divisor of 15 and o?
5
Let g = 12 - 21. Let t = -6 - g. Let y(w) = w**3 - w**2 + 3*w + 1. Let n be y(t). Calculate the highest common factor of 7 and n.
7
Let u(s) = 4*s**2 + 14*s + 13. Let k be u(-11). Calculate the greatest common factor of 49 and k.
49
Let m be -195*2/(-3) + 3. What is the highest common factor of 19 and m?
19
Let s be 2 + (0 + 1)/(-1). Let r be 7 + 0 + 1 + s. Let a be (-6)/r*(-6 + 0). What is the greatest common factor of a and 44?
4
Suppose 0 = -g - 2*h + 100, -2*g + 3*h = -241 + 55. What is the highest common divisor of 32 and g?
32
Suppose 0*m - 4*m - 4 = 0. Let k = m + 2. What is the greatest common factor of 1 and k?
1
Suppose -m = m - 56. Let s be 102 - 7/(m/(-8)). Calculate the highest common divisor of s and 13.
13
Let n(h) = -26*h**3 + h**2 + 7*h + 9. Let o be n(-2). Let d = 1 + 22. What is the highest common factor of d and o?
23
Let m = 211 - 193. Suppose 5*a - a + q - 110 = 0, 4*q - 89 = -3*a. What is the greatest common factor of a and m?
9
Suppose -5*w = -13 - 12. Suppose -4*k + 3*k = c - 23, 0 = -w*k + 15. Calculate the greatest common divisor of 50 and c.
10
Let d(n) be the first derivative of -n**3/3 - 8*n**2 - 13*n - 1. Let w be d(-11). What is the greatest common factor of w and 14?
14
Let o(p) = -p**3 + 6*p**2 - 2*p - 1. Let z be o(3). Let x be (-60)/(-21)*28/(-16)*-2. What is the highest common factor of z and x?
10
Suppose u - 72 = -4*l, 4*u + 0*u - 232 = -2*l. Let o(v) = -3*v + 44. Let h be o(10). What is the highest common factor of h and u?
14
Suppose -3*l = -4*l + 4*f + 22, 53 = 2*l + f. Suppose -323 = -n - 3*u - 86, -1169 = -5*n + u. Calculate the highest common factor of n and l.
26
Let z be 543/15 - (-1)/(-5). Suppose 0 = k - 3*k + z. Calculate the highest common factor of 144 and k.
18
Suppose -3*t = -4*n - 1209, 5*t - 2*n - 427 = 1602. Calculate the greatest common factor of 37 and t.
37
Let p = 10 - -1. Suppose 77 + p = c. What is the highest common factor of 8 and c?
8
Let w = -58 - -82. What is the greatest common factor of w and 6?
6
Suppose -2*j + 3*t + 34 = 2*t, 0 = -3*j + 3*t + 48. What is the greatest common factor of 2 and j?
2
Let t(p) = -p**3 - 12*p**2 + 3*p - 15. Let s be t(-13). What is the greatest common divisor of 23 and s?
23
Let b be 2*(-92)/(-8) + -6. Let v = 43 + 8. What is the highest common divisor of b and v?
17
Let c(p) = -p + 27. Suppose 0 = 2*w + 3*w - 4*m, 3*w - 3*m = 0. Let h be c(w). What is the highest common divisor of h and 135?
27
Let n be 1/(-4) - (-29)/4. Let a = 1 - -1. Let c be (-28)/(-4) - 0/a. Calculate the highest common divisor of n and c.
7
Let g = -6 - -11. Suppose -10 - 70 = -g*v. Let h be (-384)/(-9)*(2 - -1). What is the highest common factor of h and v?
16
Suppose 0 = -w - 6 + 20. Calculate the highest common divisor of w and 98.
14
Let g be 72/(-45)*(-5)/(-2). Let y be g*((-90)/8)/1. Calculate the highest common divisor of y and 30.
15
Suppose 2*g - u - 13 - 7 = 0, -3*g + 30 = -5*u. What is the highest common divisor of 4 and g?
2
Let c = -5 + 3. Let u(z) = -11*z + 2. Let t be u(c). Suppose -4*v + 0 = -t. What is the highest common factor of 4 and v?
2
Let n be (-1)/((-3)/(-6))*-1. Let j(q) = 22*q. Let k be j(n). Calculate the greatest common divisor of 11 and k.
11
Suppose -3*j + 4*n = -60, n - 36 = -4*j + 25. Calculate the greatest common divisor of j and 8.
8
Let l be 4/1 - (10 + -39). What is the greatest common factor of 33 and l?
33
Let a be (-1 + 4)/(6/(-4)). Let p be -14 - 0*1/a. Let f = 27 + p. Calculate the highest common factor of f and 65.
13
Suppose -5*y + 2*r - 14 = 0, 4*y = -5*r + 6 - 4. Let n be y + (49 + 1)*1. What is the highest common factor of n and 32?
16
Let z(g) = -27*g. Let j be z(-2). Let u(w) = -w + 2. Let i be u(-4). What is the greatest common divisor of i and j?
6
Suppose -2*m + 0*m - 107 = -t, -3*m - 210 = -2*t. Calculate the highest common divisor of 11 and t.
11
Suppose -12*b = -9*b - 390. What is the greatest common factor of b and 10?
10
Let u be 12/2 - (0 + 2). Suppose -u*t = -2*h - 88 - 88, 3*t = -3*h - 282. Let k be (-3)/15 - h/10. Calculate the greatest common divisor of 36 and k.
9
Let p(y) = 15*y**2 - 3*y. Let v be p(-3). Let m be (-48)/(-10)*70/21. What is the greatest common divisor of v and m?
16
Let s be 78/4*30/45. What is the highest common factor of 104 and s?
13
Suppose 2*n = -3*c - 48, -c + 24 = -2*n - 16. Let m = 31 + n. Calculate the highest common divisor of m and 4.
2
Let a = -220 + 340. What is the greatest common divisor of a and 48?
24
Let r(s) = -8*s - 1. Let a be r(-1). Let h = a - -11. What is the highest common factor of 36 and h?
18
Let g be (-22)/(-8) + 3/12. Suppose v - 15 = -2*v. Suppose g*h + 4 = v*h, -s = h - 42. What is the highest common divisor of s and 8?
8
Let d(r) = -r**2 + 7*r. Let l be d(3). Let m(z) = z**2 - 9*z + 4. Let g be m(l). What is the greatest common divisor of 10 and g?
10
Suppose -4*f + 19 = -13. Calculate the highest common factor of f and 56.
8
Let v(h) = 4*h**2 - 3*h + 49. Let y be v(5). What is the highest common factor of y and 335?
67
Let v = -3 - -27. Suppose v = -0*f + f. Calculate the highest common divisor of 8 and f.
8
Let l(v) = 2*v**2 - 7*v - 11. Let j be l(9). Let d = -46 + j. What is the highest common divisor of 14 and d?
14
Let a(h) = -h**3 + h - 30. Let i be a(-5). Calculate the highest common divisor of i and 10.
10
Let r be (-66)/(1 + -4) - -2. What is the greatest common divisor of r and 36?
12
Let n = 299 - 155. Calculate the highest common factor of n and 16.
16
Suppose 0*j = 5*j - 50. What is the highest common divisor of j and 110?
10
Let l = 32 + -4. Calculate the greatest common factor of 42 and l.
14
Suppose 51 = 6*q - 21. Calculate the greatest common factor of q and 3.
3
Let j = -103 - -108. Calculate the highest common factor of j and 20.
5
Let o be (10 - 12)/(1/(7*-29)). Calculate the greatest common divisor of o and 14.
14
Suppose 0 = -g - 4*w + 23, 0 = -g + 5*g - 4*w - 52. What is the greatest common factor of g and 105?
15
Suppose 4*p = -5*w - 58, -w + 3*p = 4 - 0. Let g = -8 - w. Calculate the highest common divisor of 8 and g.
2
Let t(a) = 2 - 2 + 2*a**2 + 6 - 2 + 7*a. Let m be t(-5). Calculate the greatest common factor of m and 133.
19
Let z be (-1)/3 + 580/12. Calculate the greatest common divisor of z and 32.
16
Let r = 18 - 14. Suppose 0 = 5*w - h - 144, 4*w - r*h - 96 = -8*h. What is the greatest common divisor of w and 7?
7
Let r(p) = p**2 + 4*p + 2. Let m be r(-5). What is the highest common divisor of m and 56?
7
Suppose 4*n - 407 = -t - 0*t, 3*t = -4*n + 397. Suppose m + 7 = n. What is the greatest common factor of 12 and m?
12
Let l be 3*((-120)/(-9) + -4). Calculate the highest common factor of 4 and l.
4
Let g be ((-30)/(-7))/(15/70). Calculate the greatest common divisor of g and 5.
5
Let i(c) = -3*c**3 + c + 2*c**3 - 4 + 4*c**2 - 4*c. Let x be i(4). Let m = 27 + x. Calculate the greatest common factor of 44 and m.
11
Suppose 0 = 2*y + 3*y. Let u be -16*(y + 2) + 0. Let s = u + 47. Calculate the highest common factor of 10 and s.
5
Let o(d) = 2*d**2 + 15. Let l be o(0). What is t